w(n) = 21*n**2 - u*n - 46*n**2 - 7 + 26*n**2. Give w(j).
-14
Let h(g) = -15*g**2 + 15*g**2 - 1251*g**3 + 1238*g**3 + 2*g + 1. Let d(r) = r**2 - r. Let a be d(0). Suppose a*i + i + 1 = 0. What is h(i)?
12
Let j(t) = 66*t - 158. Let z(x) = -39*x + 106. Let q(m) = 5*j(m) + 8*z(m). What is q(-3)?
4
Let z be 3 - 8 - (-60)/10. Let b(u) = -41*u**2 + 8*u - 8. Let c(v) = 14*v**2 - 3*v + 3. Let o(q) = 3*b(q) + 8*c(q). Determine o(z).
-11
Let p(y) be the second derivative of -7*y**5/20 + y**4/12 - y**2/2 + 5*y. Let v = 16607 + -16606. Give p(v).
-7
Let l(q) = q**3 + 15*q**2 - 17*q - 12. Let u(a) = -a**3 - 23*a**2 + 28*a + 80. Let y = -248 - -224. Let g be u(y). Determine l(g).
4
Let u(r) be the third derivative of r**7/504 + r**5/120 + 23*r**4/12 + 74*r**2. Let w(s) be the second derivative of u(s). Determine w(-1).
6
Suppose -5*x = -3*x - 2. Let k(i) = 15*i + 2343. Let w(m) = -5*m - 852. Let v(d) = 4*k(d) + 11*w(d). What is v(x)?
5
Let z(a) = -3*a - 58. Let u(h) = 2*h + 40. Let d(s) = -7*u(s) - 5*z(s). What is d(-3)?
7
Let c(a) = a**2 + 3*a + 3. Suppose 6*s - 3*s = 9. Let r be (4 - (3 + -2))*s. Suppose -11 + 47 = -r*n. Determine c(n).
7
Let q = -197 - -355. Let v = q - 161. Let x(j) = -3*j**2 - 4*j - 2. Give x(v).
-17
Let y(n) = 2*n + 128. Let z(h) = -2*h - 146. Let d(a) = -5*y(a) - 4*z(a). Determine d(-23).
-10
Suppose -326*q + 323*q = -132. Suppose 42*u = q*u - 8. Let n(x) = -x**2 + 6*x + 5. Calculate n(u).
13
Let b(i) = -i**2 - 10*i - 6. Suppose -x - 6 = -9. Suppose x*p - c = -23, 4*c + c = 5*p + 25. What is b(p)?
3
Let s(t) be the first derivative of t**4/2 - 29*t**3/3 + 6*t**2 + 33*t + 4755. Calculate s(14).
5
Let f be ((-16)/11)/(-4) + (-17 - (-7770)/231). Let n(x) = -x**3 + 21*x**2 - 70*x + 29. Calculate n(f).
-5
Let v(j) = -10*j + 25 - 6*j - 2*j + 4*j + 12*j. Give v(8).
9
Let z be 5 + -7 + (-36)/(-2 - 1). Let v(y) = y + 10. Calculate v(z).
20
Let m be 168/(-63)*-1*(-2 + -1). Let n(u) = 27*u + 222. Let a be n(m). Let p(k) = -k**2 + 7*k + 1. Calculate p(a).
7
Suppose -5*f - 41*g + 42*g - 24 = 0, -3*f - 2*g = 30. Let a(x) = -9*x - 12. Determine a(f).
42
Let u(w) = -39*w - w**2 + 41*w - 4*w**2 + w**3 - 34 + 30. What is u(5)?
6
Suppose 12 = -40*d + 46*d. Let v(f) = 179*f**2 - 350*f**2 + 173*f**d + 2 + f**3. Suppose -3*s - 3*j = 0, -5 + 3 = -j. Give v(s).
2
Let i(h) be the second derivative of h**4/12 - 2*h**2 + 2*h - 514. Let f = -10 - -15. Suppose 0*o - f*o = -15. Give i(o).
5
Let x(r) = 4*r + 29. Suppose -1805 = 336*i + 1891. Calculate x(i).
-15
Let p(j) = -58*j**2 + 60*j**2 + 1508*j - 14 - 1535*j + 69. Determine p(11).
0
Let q(k) = k**3 - k**2 - k + 1. Let u(y) = -15*y + 106. Let t be u(5). Suppose 3*n = -t*x + 28*x, 0 = 3*n. Give q(x).
1
Let y(w) = -2*w**2 - 22*w + 78. Let p be 2 - ((-36)/21)/(15/(-140)). Give y(p).
-6
Suppose -24*o + 33*o - 24 = 13*o. Let t(k) = 140*k + 843. Calculate t(o).
3
Let v be -5 - (-12 - -7 - -294). Let y = -300 - v. Let o(t) = t**3 + 2*t**2 + 12. Let i(s) = -s**3 - s**2 - 13. Let m(f) = 4*i(f) + 5*o(f). Give m(y).
8
Let o(h) be the third derivative of 7*h**5/120 - h**4/4 - 173*h**3/6 - 216*h**2. Let d(k) be the first derivative of o(k). What is d(2)?
8
Let z(b) = -18*b**3 + 4*b - 3. Let s = 5027 + -5026. What is z(s)?
-17
Let m be 9/15 + (-44)/(-10). Let j(l) = 66*l + 5. Let a(c) = -1820*c - 135. Let f(w) = 2*a(w) + 55*j(w). Determine f(m).
-45
Let w(r) = 49*r + 2 - 4 + r**3 + 101*r**2 - 28*r - 111*r**2. Determine w(7).
-2
Suppose -3*z + 108 = 2*v, 0 = v + 2*z - 5*z - 63. Let t = 31 + -84. Let s = t + v. Let j(x) = -x**3 + 5*x**2 - 5*x - 4. Determine j(s).
-8
Suppose -4*o = -10*o + 12. Suppose -o*s + 3*p - 15 = -3*s, -4*p + 20 = -2*s. Let n(x) = -24 + 4 - x + 0*x. Calculate n(s).
-20
Let j(p) = 315 - 156 + 3*p + 10*p**3 - 30*p**3 - 156 + 19*p**3 + 5*p**2. What is j(6)?
-15
Let q(j) = 9*j**2 + 9*j + 21. Let i(t) = t**2 + 4. Let h(v) = 6*i(v) - q(v). Give h(-3).
3
Let o(j) = 2*j**2 + 13*j - 63. Let l(d) = -d**2 - 7*d + 34. Let t(g) = -11*l(g) - 6*o(g). Determine t(-6).
-26
Let w(f) = -2*f**3 + f**2 + f. Let z = 233 + -241. Let u be z/6*18/(-12). What is w(u)?
-10
Let v be 6 + 9/((-15)/5). Let n(z) = 26 - 6*z**2 + 43 + z**v - 66 - 28*z. Calculate n(9).
-6
Let i = -158 + 167. Suppose -3*a - 30 + i = 0. Let c(v) = -2*v - 10. What is c(a)?
4
Suppose 0 = -8*d + 28 - 148. Let c = d - -37. Let s(y) = y + 26 + c - 48. Give s(-3).
-3
Let c(q) = 2*q - 4*q - q**3 - 1 + 2*q**3. Suppose -y - 795 = -2*p, -6*p = -8*p + 3*y + 789. Let r = -401 + p. Determine c(r).
-5
Let s(n) be the first derivative of -5/3*n**3 + 4*n + 66 - n**2 + 1/4*n**4. Give s(5).
-6
Let s(m) be the second derivative of 3/2*m**2 + 4 + 1/3*m**4 + 1/20*m**5 - 13*m + 0*m**3. Calculate s(-3).
12
Let b = -14081 + 14075. Let r(j) = j**2 - 9*j. Let t be r(9). Let i(a) = -2*a + 0*a - 9 - a + t*a. Give i(b).
9
Let c(p) = 10*p - 4. Let y be 44/(-10) + 14 + (-438)/30. Calculate c(y).
-54
Let t(y) be the first derivative of 1/8*y**4 + 1/6*y**3 - 1/30*y**5 - 17*y**2 + 0*y + 31. Let k(b) be the second derivative of t(b). Calculate k(-2).
-13
Let a = 24060 + -24057. Let h(r) be the second derivative of r**3/2 - 5*r**2/2 + r. Determine h(a).
4
Let t(z) = 1. Let q(d) = 2*d - 2. Suppose -3*y = -3*l + 3, -8*l = -12*l + 5*y. Let u(c) = l*t(c) + 2*q(c). Give u(6).
25
Let y be 114/76*20/(-9) - 12/(-9). Let i(l) = 8*l - 23. Give i(y).
-39
Let w(b) be the first derivative of b**4/4 + 5*b**3/3 + 3*b**2 - b - 2140. Give w(-4).
-9
Suppose -5*l + 5*c - 45 = 0, 18*c - 35 = 5*l + 15*c. Let j(q) be the first derivative of -2 - 4*q + 4/3*q**3 + 1/4*q**4 - 5/2*q**2. What is j(l)?
16
Let c(w) = 3*w + 69. Let f = 15317 + -15350. Determine c(f).
-30
Let l(u) be the first derivative of 5*u + 16 + 3/2*u**2. Suppose k + 1 = 2*k, -k + 17 = -4*r. Calculate l(r).
-7
Let a(r) = 28*r**2 + 57*r + 6. Let u be a(-2). Let z(m) = -34*m + 130. Determine z(u).
-6
Let x(v) = -v**3 + 2*v**2 + 2*v - 5. Suppose 13 + 2 = -5*m - 0. What is x(m)?
34
Let c(f) = -18*f - 4. Let k(d) = -2*d + 1. Suppose 4*s + 2*q + 8 + 12 = 0, -3*s - 5 = -q. Let a(o) = s*k(o) - c(o). Determine a(1).
25
Let t = 82 + -74. Let f(c) = -17*c - 64. Let s(r) = 3*r + 13. Let y(u) = 2*f(u) + 11*s(u). Let g be y(t). Let i(o) = -2*o + 9. Determine i(g).
-5
Let n(r) be the first derivative of r**2 + 13*r - 771. Give n(-4).
5
Let n(k) be the first derivative of -k**4/2 - k**2 - 3*k + 1663. What is n(-2)?
17
Let x(p) = p**2 + 2. Suppose -5*n + 384 + 36 = 0. Suppose -q = -5*q + n. Suppose 23*d - q*d - 4 = 0. What is x(d)?
6
Suppose -723 = -85*f - 128. Let o(v) = 10*v - 14. Give o(f).
56
Let y(h) = -27*h - 85. Let b(t) = -51*t - 165. Let o(a) = 8*b(a) - 15*y(a). Give o(-11).
-12
Let z(y) = -2*y - 2. Let o(v) = 15 - 13 + 9 + 3 - 10*v. Let a(s) = o(s) - 4*z(s). Determine a(7).
8
Let b be 6 + 0 + -3 + -1. Let d(h) = 5*h**2 - 1. Let k be d(-1). Let i(o) = 30*o - 22*o - k + 3*o**2 - b*o**2. Give i(-8).
-4
Let w = -2 - -3. Let f(q) = 3 + 2172349*q - 4344698*q + 2172348*q - 7*q**2 - 2. Calculate f(w).
-7
Let b(v) = v**2 - 24 - 2*v**2 + 5384*v - 5399*v. Determine b(-11).
20
Let v(l) be the second derivative of l**5/20 - l**3/6 - 29*l**2/2 + 14*l. Let u(j) be the first derivative of v(j). Let g = 0 - 2. Calculate u(g).
11
Suppose -2*m + 24 = -6*m. Let c be 174/(-232) - 222/(-8). Let h(k) = -17*k - 15*k - 2*k**2 - 1 + k**2 + c*k. Calculate h(m).
-7
Let s be 216/88 + 90/165. Let f(l) = -4*l**2 + 14*l - 4. Calculate f(s).
2
Let t(d) be the first derivative of -2*d**2 + 26*d + 1/3*d**3 - 5/12*d**4 - 52 + 1/20*d**5. Let o(l) be the first derivative of t(l). Determine o(5).
6
Let k(n) = -n**3 - 5*n**2 - 7*n - 4. Suppose 5*p - 4*y - 152 = 0, -10*p + 7*p + y + 94 = 0. Suppose -q + p = -4*q - 5*g, -q + 12 = -4*g. Determine k(q).
8
Let f(w) = 3639*w + 5 + 3654*w - 7296*w - 6*w**2. Determine f(4).
-103
Let w(j) = -1 + 0 + 2 - j. Let r = -145 + 146. Let s be ((-13)/65)/(r/(-10)). Give w(s).
-1
Suppose 14*k - t - 20 = 15*k, 12*t = -3*k - 141. Let n(j) = -3*j**2 - 50*j - 40. Let w(o) = -o**2 - 17*o - 13. Let v(g) = -4*n(g) + 11*w(g). Give v(k).
-5
Let c(i) = i**2 - i - 2. Let l(o) = -7*o**2 - 8*o - 1. Let r(s) = 5*c(s) + l(s). Let g(a) = a**2 + 8*a - 70. Let u be g(-13). Give r(u).
4
Let n(m) = 104 + 1271*m + 1322*m + 48 - 2625*m. What is n(5)?
-8
Suppose 0 = -10*d - 9 + 19. 